-3.
2
Evaluate -7 - (-7 + (4 - 8 - -7)).
-3
Evaluate (0 - 1) + 2 - (-2 - -2).
1
Evaluate (-7 - (-1 + -16)) + -14.
-4
What is the value of (-2 - 1) + (-6 - -14) + -6?
-1
What is -1 - 0 - (0 - (-9 + 8))?
-2
What is the value of 14 + -21 + (7 - 0)?
0
(-2 - (-10 + 2)) + (1 - 6)
1
What is -7 + (5 - 2) + -6 + 2?
-8
Evaluate 5 + 0 + (9 - 18) - -8.
4
What is the value of 1 + -1 + (0 - -5 - 3)?
2
Calculate 2 + -7 + (10 - 6).
-1
1 - (6 + -3) - -4
2
Evaluate -5 - (-2 + -4 - -6).
-5
What is the value of -10 - -5 - (-5 + 0)?
0
Evaluate 5 - ((-8 - -12) + 3).
-2
Calculate (-3 + 0 - (-4 + 3)) + -3.
-5
0 - 0 - (-17 + 12) - 8
-3
What is the value of (0 - 0) + 6 - (1 + 0)?
5
What is (-2 - -5) + (-2 - 0)?
1
What is the value of -5 + 2 + (-3 + 5 - -1)?
0
Calculate 2 - (3 - 11 - -9).
1
28 + -22 + 2 + -8
0
(-6 + 1 - -6) + (-3 - 1)
-3
-6 + (1 - 0) + 3
-2
Evaluate 2 + -3 - 1 - 4 - -3.
-3
Calculate 2 + -7 + (12 - (-5 - -2)).
10
What is -5 + 3 + (7 - (4 + 0))?
1
What is 1 + -13 + -45 + 53?
-4
Evaluate 1 + 5 + -3 + (1 - 4).
0
Evaluate (32 - 30) + (-4 - -2 - 8).
-8
4 + (-10 + -3 - -5) + 8
4
What is (5 - 7 - -6) + 3?
7
Calculate 4 + 1 + 2 + -2 + -1.
4
Calculate -5 + 2 + 4 - (-2 + 2).
1
What is -3 + 10 + -1 - 2?
4
Calculate -10 + 12 - (0 - (1 - 0)).
3
What is the value of -5 - ((-9 - -9) + 1)?
-6
Calculate (6 - 9) + 4 - 8.
-7
Calculate -1 + 7 + 6 + -8.
4
Evaluate -7 - (-5 - ((1 - -4) + -6)).
-3
What is the value of -2 - (1 + -4 + -1) - 7?
-5
Calculate (8 + 1 - 4) + 0.
5
Calculate 4 + 1 - (123 - 120).
2
3 - (7 - (-6 - -14))
4
Calculate (-3 - -4) + -4 - (3 - 1).
-5
Calculate 0 + -2 + (-4 - -2) + 1.
-3
What is the value of 1 - (2 + -7) - 5?
1
Evaluate (1 - -8) + (-37 - -31).
3
Calculate (1 - 0) + (18 - 21).
-2
What is (3 - 10) + 0 - -2?
-5
10 + (6 + 1 - 15)
2
Calculate (5 - -4 - -10) + -11.
8
Evaluate 13 + -15 - (-1 - (1 - 3)).
-3
What is 2 - (-4 - (-2 - 2))?
2
What is the value of -10 + (8 - (6 - 3))?
-5
Evaluate -3 - -13 - 9 - 0.
1
Evaluate 2 + 1 - (1 + 1).
1
-7 + (-4 + 10 - (3 - 2))
-2
Calculate 8 + -7 - (9 - 12).
4
Calculate (8 - 3 - 1) + -9 + 1.
-4
1 + (-4 - 1) + (-2 - -11)
5
What is the value of 0 + -2 + 8 + -9 + 0?
-3
What is the value of -2 + (5 - 6) + 4?
1
Calculate -7 - (7 - 11) - -12.
9
Evaluate 6 + 1 + -7 + (-5 - -2).
-3
Calculate -29 - -29 - (0 - -3).
-3
What is -4 - (-7 + (1 - 3 - -5))?
0
Calculate 1 + 0 + 2 + -1 + 0.
2
What is the value of 1 + -2 - -2 - 1 - -5?
5
What is the value of 0 - (7 + (-6 - 3))?
2
Calculate -1 + (0 - -1) - (-11 - -7).
4
Calculate -1 + 3 + (3 - (3 - 4)).
6
What is 5 - (-17 + (23 - 10))?
9
What is 1 - (1 + 3 + -3)?
0
What is the value of 2 + (4 - 7) + 2 + 3?
4
What is the value of -2 - (0 + -5 + 1)?
2
Calculate 4 + (2 - 0) - (4 - 3).
5
1 - -4 - ((-1 - -6) + -4)
4
Calculate 33 + -29 - (0 + 4).
0
Calculate 7 - 13 - -11 - (1 - -6).
-2
What is the value of 4 + -2 + 0 + -12 + 8?
-2
What is 7 - ((4 - -3) + 0)?
0
Evaluate 4 + (10 - 23) + 3 + 0.
-6
(3 - (3 + -1)) + 1 - 2
0
Evaluate 0 + 2 + 1 - (0 + -2).
5
What is the value of (2 - 0) + -7 + 4?
-1
Calculate -5 + -1 + 7 + (3 - 9).
-5
What is the value of 7 - (-11 - (14 + -27))?
5
(-114 - -121) + (-1 + 0 - 4)
2
What is -9 - ((-8 - -1) + -1)?
-1
What is the value of (8 - (15 + -5) - 10) + 6?
-6
-3 + (0 - -4 - -3)
4
What is the value of (-5 - -5) + 1 + 2 - 5?
-2
Calculate 4 + (-1 - (-4 - -9)).
-2
Calculate 3 - ((-1 - -4) + -2 + -1).
3
Evaluate 72 + -78 + (7 - 2).
-1
What is the value of (1 - 5) + 6 - 7?
-5
What is (-1 - 4) + 6 + -8?
-7
Evaluate -4 + -3 + 4 - -1 - -6.
4
What is 2 + -1 - (6 + -6 + 1)?
0
(18 - 26) + (-1 - -6) + 3
0
-5 - (-4 - (-7 - -6))
-2
Calculate 3 - (2 - (-2 - 2)) - -1.
-2
What is -1 + 2 + -5 - -4?
0
Evaluate -4 - (15 - (8 + 4)).
-7
What is -3 + -1 + 4 + 2?
2
Evaluate -222 - -219 - (2 - 1 - -5).
-9
Calculate -1 - (10 + -13 - (0 + 1)).
3
What is -2 + -1 - (3 - (8 + -8))?
-6
What is the value of -1 + (4 - 5) + 3 + 2?
3
Evaluate -2 - (3 + 11 + -6 - 16).
6
Evaluate (-3 - -2) + (5 - 3) + 0.
1
What is 5 - ((2 - 1) + -2 + 4)?
2
What is (1 - (4 - 1)) + 1 - 0?
-1
Calculate -1 - -6 - 5 - (3 - 1).
-2
Calculate 3 + (-5 - -1) - -4.
3
What is the value of -14 + 5 + (-10 - -14)?
-5
What is the value of -52 + 62 + (0 - 6)?
4
Calculate -2 + (-4 - -3 - 0 - -4).
1
Evaluate 2 - -1 - 0 - 8.
-5
What is -1 + (3 + 0 - 1) - 3?
-2
What is 12 - ((-5 - -16) + -1)?
2
Calculate -4 - (-8 - -4 - (2 + 1)).
3
What is the value of 4 + -1 + 1 + 8 + -10?
2
What is 8 - 1 - 5 - 6 - -2?
-2
Calculate -5 - -1 - 2 - -3 - 2.
-5
Evaluate -9 - (-1 - -2 - (-5 + 8)).
-7
-1 - -6 - 9 - (-4 + -1)
1
What is the value of (-8 - -20 - 2) + (0 - 6)?
4
12 - 11 - (-4 + 0)
5
-2 + 0 + -6 + 17 - 5
4
What is the value of (13 - 4) + -8 + -8 + 8?
1
Calculate 2 + -11 + -3 + 8 + -1.
-5
(0 - 6) + (0 - (-8 - 8))
10
What is 5 - (11 + -3 + 2)?
-5
Calculate (-3 - -9) + (-19 - -8) + 8.
3
What is the value of 20 + -17 + (-2 + 2 - -2)?
5
What is -7 + 7 + -7 + -2 + 4?
-5
What is the value of -8 - -3 - -8 - 13?
-10
Evaluate -13 + 20 + 0 + -1.
6
Evaluate 0 - -1 - (5 - 3 - 1).
0
What is 17 - (0 + 10 - 1)?
8
Calculate 2 - (2 + -3) - -1 - 5.
-1
Evaluate -1 - 3 - (-26 + 21).
1
What is the value of 2 - (1 + (1 - 5) - -1)?
4
(3 - (3 - 2)) + (17 - 12)
7
What is -8 + (0 + 17 - 7)?
2
What is the value of 3 + 0 - (-1 - -1)?
3
What is -1 - (-2 - (3 - (-3 + 8)))?
-1
-2 + (-2 - (-3 + -2))
1
What is 2 + 0 + 3 + -7?
-2
-6 - (-11 + -5) - 9
1
What is -14 - 3 - (13 - 24)?
-6
Calculate 6 + -7 + (2 - 1) - 5.
-5
What is 2 + -6 + (-2 - (4 - 10))?
0
Evaluate 2 + 0 + (10 - 6) + -3.
3
(0 - 3) + -2 - (-1 + 2)
-6
What is the value of -6 - -15 - (4 + 0)?
5
Evaluate (1 - -4) + 2 + -4 - 11.
-8
(-14 - -9) + 6 + -2
-1
What is the value of (-25 - -18) + (1 - -7) + -2?
-1
What is the value of (1 - (4 - 4)) + (0 - 0)?
1
Calculate (5 - 2) + 0 + 2.
5
What is 150 + -149 - ((-1 - -2) + 0)?
0
Evaluate -3 - (-8 + 6) - 4.
-5
Evaluate 15 + (0 + 13 - 34).
-6
(-9 - -11) + (-1 + -3 - -3)
1
What is the value of -7 + (22 - 10) + -12?
-7
Evaluate -12 + 5 + (2 - -1).
-4
What is the value of 5 + (-6 - -2) + 1?
2
What is 0 + -5 + 0 + 2?
-3
Evaluate (4 - (3 - 2)) + -7.
-4
What is -29 - -32 - (-4 + 2 + 2)?
3
What is 4 + (4 - 1 - 2) + -5?
0
Calculate (-5 - -1) + -2 + 4.
-2
What is the value of -16 + 1 + -1 + 8?
-8
Evaluate -2 + (6 + 1 - 1 - 3).
1
Evaluate -1 + 2 + -5 + 9.
5
What is the value of 20 + -21 + (1 - 2)?
-2
What is the value of -4 - (1 + 0 - (-11 + 12))?
-4
1 + 7 - (-7 + -2 + 13)
4
Calculate 56 - 56 - (-7 + -1).
8
Evaluate 1 - 1 - (24 + -43 - -22).
-3
Calculate -22 + 18 + (0 - -7).
3
Evaluate 1 + -1 + -1 + -4.
-5
Evaluate (-5 - (1 + -4 + -1)) + 3.
2
What is the value of -12 + 1 + -2 - -12?
-1
Evaluate (-4 - 2) + (-7 - -10).
-3
-1 - -3 - (34 - 29)
-3
Calculate (-1 - 1) + (4 - 0).
2
What is the value of 6 + 0 + -8 + 0?
-2
37 - 37 - (-3 - 2)
5
What is -3 + 5 + -11 + (11 - 8)?
-6
Evaluate (5 - 3 - 1) + 2.
3
Evaluate (-6 - 0) + -9 + 19 + 1.
5
Evaluate 5 + (-1 + -3 - -1) + -1.
1
Evaluate -3 - (-13 - (-2 + -12)).
-4
What is 20 - 16 - (0 + 1)?
3
Evaluate -1 - (-2 - (0 - 6)).
-5
Evaluate 8 + 3 + -7 + -7 + -5.
-8
Evaluate (-1 - 2 - (2 + -4)) + 4.
3
What is the value of 7 - (-5 + 5 + 9)?
-2
What is the value of 0 + -4 - (-45 - -43)?
-2
Evaluate (2 - -1) + 1 + (4 - 8).
0
-9 + 5 - (-2 + -2)
0
What is the value of 2 + -3 - (-7 - (-2 + 1))?
5
What is 2 - (5 + -2 + 5)?
-6
1 + -5 - (-11 + 1)
6
Evaluate (1 + 3 - 11) + 3.
-4
Calculate 7 - 3 - 2 - 1.
1
11 - (-4 + 10) - (2 - -2)
1
Evaluate (-14 - (6 - 3 - 4)) + 4.
-9
Evaluate 9 + -3 - (-14 - -24).
-4
What is (0 - -5) + -2 + -2 + 0?
1
3 + (6 - (6 + 4))
-1
Calculate 0 + (0 - 1) - (14 - 16).
1
What is the value of (-4 - -9) + -2 + -1 - -3?
5
-7 - (-4 - 5 - -4)
-2
What is the value of 5 + -3 + 1 + -1?
2
What is the value of -4 + (3 - 2) + 2 + 2?
1
(0 - -1) + -34 + 32
-1
Evaluate (21 - 16) + (-2 - 1).
2
Evaluate -45 + 45 - (0 - (-1 - -4)).
3
What is 1 + 21 - (-66 + 79)?
9
What is the value of (-5 - 3) + -4 + 10?
-2
What is the value of (2 - 0) + 1 - 0 - 8?
-5
Calculate 3 + (11 + 5 + -10 - 5).
4
What is -9 + 0 + 6 + -4 + 12?
5
What is the value of (-6 - (-8 + -2 + 6)) + -2?
-4
Evaluate -9 - (-10 - -2 - -1).
-2
Calculate (3 - 4) + -4 - 0.
-5
-4 - (-5 - (-9 - -3))
-5
-3 + (5 - 5) + (5 - 2)
0
What is (1 - -1) + 0 + -7 + 9?
4
Calculate 9 - 10 - (-1 + 4).
-4
-2 + ((16 - 8) + -8 - 